t f(k) be the second derivative of -k**4/12 + 3*k**3/2 + 15*k**2/2 - 2*k - 1. What is f(10)?
5
Suppose 0 = -o + 2*y + 60 + 129, -4*o + 789 = 3*y. Let c(d) = -195 - d + o. What is c(1)?
-1
Let i be ((-64)/40)/((-6)/45). Suppose 5*a + i = 7*a. Suppose a = 5*g + 1. Let m(j) = -j. Calculate m(g).
-1
Let w(n) be the second derivative of -7*n**3/3 - 3*n**2/2 - 106*n. Determine w(-2).
25
Let m(c) be the third derivative of 7/6*c**3 - 13*c**2 + 0 + 0*c - 1/24*c**4. Give m(5).
2
Let d(j) = -2*j - 6. Let t = 3344 + -3331. Determine d(t).
-32
Let k(i) = -i**2 - 5*i - 2. Let x(d) be the first derivative of -d**2 + 10. Let o be x(3). Give k(o).
-8
Let f(q) = -q**2 + 7*q + 18. Let l be f(9). Let i(p) be the third derivative of p**5/60 - p**4/24 - 2*p**3/3 + 4*p**2. Give i(l).
-4
Let l(h) = 15*h**3 + 9*h**2 - 18*h - 13. Let x(w) = 4*w**3 + 2*w**2 - 4*w - 3. Let u(z) = 2*l(z) - 9*x(z). Suppose 1 = -2*d + d. Calculate u(d).
7
Suppose 2*r - 1 - 9 = 3*t, r + t + 5 = 0. Let l(y) = 9*y**3 - y. What is l(r)?
-8
Let o(a) = 4*a + 6. Let m(c) = -3*c - 5. Let v(r) = 5*m(r) + 4*o(r). Let j(y) = -4*y + 5. Let t(n) = 2*j(n) + 6*v(n). Give t(5).
-6
Let y(o) = -4*o**2 - 3*o - 2. Suppose -m = -5*k + 14, 0 = 4*m + 2*k - 0*k + 34. Let l be ((-6)/(-9))/((-2)/m). Suppose l*q = -15 + 9. Determine y(q).
-12
Suppose -6 + 9 = -3*i. Let v be (i + 14/10)*-5. Let d = 2 - v. Let t(x) = -x**2 + 3*x + 5. Calculate t(d).
1
Let y(k) = -k**2 - 7*k**2 - k**3 + 262*k - 254*k. What is y(-9)?
9
Let q = 14 - 0. Suppose 5*m + f = q, -f = 2*m - 5*f - 10. Let o(s) be the second derivative of s**5/20 - s**4/6 - s**3/3 - s**2/2 - 2*s. Give o(m).
2
Let t(b) = 14*b**2 - 15*b + 185. Let w(a) = 5*a**2 - 5*a + 67. Let r(g) = 4*t(g) - 11*w(g). Suppose -6*q + 20 = -q. Determine r(q).
-1
Suppose -4*i - 18 = 5*w, -3*w + 6*i = i + 33. Let d(c) be the third derivative of -c**4/12 - 3*c**3/2 - 19*c**2. Calculate d(w).
3
Let l be 8 + 6 - 15/5. Let m(u) = -u**3 + 12*u**2 - 12*u + 10. Determine m(l).
-1
Suppose 0 = -w - 96 + 59. Let o = -39 - w. Let x(b) = -b**3 - 4*b**2 - 2*b + 2. Calculate x(o).
-2
Let p(m) = m**2 + 4*m + 1. Suppose -278*v + 280*v = -10. Give p(v).
6
Suppose 3*f - 35 = -3*x + 5*f, 2*x = -2*f + 20. Let j(y) = -103 + 47 + 54 + y. Determine j(x).
9
Let r(x) = -x**3 + x**2 - 2*x + 2. Let y be 39/(-10) + (-6)/60. Let m be 5/(-5)*2/1. Let u = m - y. Determine r(u).
-6
Let i(h) = h**3 - 14*h**2 - 14*h - 10. Suppose 15*g = 3*g + 180. Determine i(g).
5
Let q(v) = 4*v**3 - 8*v**2 - v + 1. Let p(h) = -h**3 + 2*h**2 + h - 1. Let u(f) = -5*p(f) - q(f). Determine u(3).
1
Let s(d) be the third derivative of d**6/120 + 11*d**5/60 + d**4/3 - 13*d**3/6 - 14*d**2. Let f be s(-10). Let p(v) = v**3 - 7*v**2 - v + 9. Determine p(f).
2
Suppose 5*q + b - 20 = 0, 3*q + 4*b = b. Let i(y) = -752*y + 375*y + 381*y. What is i(q)?
20
Let x(j) = -3 - 7*j + 9*j - 11*j. Determine x(-4).
33
Let u be ((0 - -1) + -2)*-2. Let l(s) be the second derivative of s**3/6 - 53*s + 1. What is l(u)?
2
Suppose -22*a + 18*a + 12 = 0. Suppose -d + 7 = a. Let w(r) = r**3 - 5*r**2 + 5*r - 1. What is w(d)?
3
Let j(n) = -n**2 + 3*n + 1. Let y(q) = 2*q**2 - 16*q + 14. Let w be y(8). Let d be 1/((6/51)/2). Let f = d - w. Give j(f).
1
Let t(s) be the third derivative of -s**4/2 + s**3/6 - 7*s**2 + 3*s. Determine t(-1).
13
Let o(x) be the first derivative of 0*x - 1 + 5/2*x**2. What is o(1)?
5
Suppose -2*k + 8*k = 3*k. Let h(r) = -r**3 + 10. Give h(k).
10
Suppose l - 12 = 5*g, 4*l - 6*g + 10*g = 0. Let s(i) = -2*i**3 + 4*i**2 - i - 3. What is s(l)?
-5
Let w(f) = 13*f + f**3 - 16 + 31 - 8*f**2 + 3 - 16. Calculate w(5).
-8
Let g(r) = r**3 + 3*r**2 - 8*r + 2. Let i be g(-5). Let m(d) = -d**3 - 7*d**2 + 9*d + 14. Calculate m(i).
6
Let i(m) = -m**3 - 5*m**2 + 4*m + 6. Let v = 538 - 544. Calculate i(v).
18
Let p(k) = -k**3 - 2*k**2 - 3*k - 3. Let v be p(-2). Let u be v/(-9) - (-38)/6. Let h(g) = g**2 + 0*g + 1 + 6*g - 2*g**2 + 5. Give h(u).
6
Let t(p) = p + 1. Suppose -3*i = 3*q, -2*i - 35*q + 36*q = 6. Give t(i).
-1
Let u = 52 + -23. Let a = u + -22. Let i = 0 - a. Let s(o) = o**3 + 6*o**2 - 6*o + 7. Determine s(i).
0
Let r = -74 - -77. Let z(m) = 2 - 6*m**2 + 0*m**3 + m**r + 3*m**2. Give z(2).
-2
Let c be (-8)/20 - 2/(-5). Let s(y) = y**3 + 1. Let b be s(c). Let o(w) be the third derivative of w**5/20 + w**3/6 + 18*w**2. Determine o(b).
4
Let g(s) be the first derivative of s**3/3 - s**2/2 - 18*s - 25. Give g(0).
-18
Let o(n) be the third derivative of -n**4/12 + 5*n**3/3 + 45*n**2. Determine o(11).
-12
Let o(q) = -3*q**2 - q**2 + 7*q**2 - 4*q**2 - 5*q. Let i be 2*(-4)/8*5. Give o(i).
0
Suppose 1 = -y - 0*y. Let b(q) be the first derivative of -3*q**4/4 + q**3/3 + q**2 + q + 5. Determine b(y).
3
Let k(r) = -10*r**3 + r**2 + 2*r + 1. Let g be 3/2*5*20/30. Let z = 20 + -3. Suppose 29 = -4*s - g*o, s = -5*o - z - 9. Determine k(s).
10
Let a(i) = 2*i**2 - 2*i + 1. Suppose 6 = -7*q - 1. Let y(g) = g**3 + 4*g**2 + g + 1. Let t be y(-4). Let w be 1/q + (-6)/t. Give a(w).
1
Let q(c) = c + 3. Let o = 16 + -13. Suppose -8*f = o*f. Calculate q(f).
3
Let y(d) = -d**2 - d - 1. Let p be (-4*(-1)/(-2))/(-2). Let x(c) = 8. Let o(k) = p*x(k) - y(k). Let f(w) be the first derivative of o(w). Calculate f(-5).
-9
Let h(q) = -9*q + 7. Let j(i) = -8*i + 7. Let m(x) = 4*h(x) - 5*j(x). Calculate m(-5).
-27
Let m(g) = 2*g**2 + 7*g + 3. Let d(s) = 10*s**2 + 34*s + 16. Let p = -108 + 110. Let u(i) = p*d(i) - 11*m(i). Determine u(-6).
-19
Let m(z) = -2*z - 5. Let a(s) = 11*s + 32. Let c(o) = 33*o + 95. Let w(b) = 8*a(b) - 3*c(b). Let g(d) = 34*m(d) - 6*w(d). Let x = 12 + -7. What is g(x)?
-6
Suppose 3*p = c - 22, -133 = -5*c - 5*p + 77. Let m = -35 + c. Let n(s) = -9*s - 2. Give n(m).
-20
Let v(c) = -c + 24. Let f = -92 + 92. Give v(f).
24
Let k(a) = -2 + 2 - a + 3 - 20*a**2 + 19*a**2. Calculate k(3).
-9
Let z(d) be the first derivative of -d**3/3 - d**2 + 8*d + 64. Give z(-6).
-16
Let i be ((-1)/2)/(((-145)/(-60))/29). Let y(c) = c + 1. What is y(i)?
-5
Suppose 4*l + 24 = 4*d, 3*d - 26 = -4*l + 20. Let y(f) = -3*f**2 - 15*f + 18. Let i(c) = 4*c**2 + 16*c - 20. Let v(j) = -4*i(j) - 5*y(j). Give v(d).
0
Suppose -4*r - 5*q + 117 = -0*q, q - 1 = 0. Suppose 5*u - r = 17. Let l(j) = u - 9 + j - j**2. Calculate l(1).
0
Let b = -1646 - -1646. Let t(d) be the third derivative of b*d + 1/6*d**3 - 1/12*d**4 - 4*d**2 + 1/15*d**5 + 0 - 1/120*d**6. Give t(3).
4
Let z(a) = a**2 - 8*a - 10. Let k be (-8 - -10)*27/6. Give z(k).
-1
Let q(c) = 4*c - 5. Suppose 5*o + 4*p = 10, -5*p = 3*o + 1 - 20. Let t(d) = -d**2 - 4*d + 6. Let i(h) = o*t(h) - 3*q(h). What is i(4)?
19
Let v(t) be the first derivative of t**2/2 + 6*t + 6. Let z(n) = 1. Let o(w) = -v(w) - 4*z(w). Calculate o(0).
-10
Suppose -219*v + 15 = -214*v. Let q(i) = 8*i - 16. What is q(v)?
8
Let o(n) = -3*n + 1. Let c(q) = 8*q**3 - 2*q + 1. Let w be c(1). Let z(p) = -3*p + 1. Let h(u) = w*z(u) - 6*o(u). Suppose 0 = 4*v + 3275 - 3287. Calculate h(v).
-8
Let a(i) be the second derivative of i**5/60 - i**4/12 - i**3/6 - 9*i. Let y(k) be the second derivative of a(k). Give y(5).
8
Suppose 11*u = u + 50. Suppose 3*v - 8*v = -3*d, -u*v - 4*d - 35 = 0. Let m(i) = -i**3 - 3*i**2 + 4*i + 3. What is m(v)?
-9
Let y(u) = 2*u**3 - 1 + 5*u + 5*u**2 - 1 - u**3. Suppose 3*c - 70 - 11 = 0. Let a = 23 - c. Calculate y(a).
-6
Let p(v) = -v**3 + 6*v**2 - 8*v + 7. Suppose 6*s - 10 = 4*s. Calculate p(s).
-8
Suppose 0 = -4*w + 4*l + 60, 0 = 3*w - 2*l + 4*l - 40. Suppose -4 + w = 5*j. Let d(q) = -1 - 2*q - 6*q + 3*q. Give d(j).
-11
Suppose -7 = -5*q + 8. Let z(g) = 205*g**2 - 404*g**2 + 3 - 3*g + 202*g**2 + g. What is z(q)?
24
Let d(o) = o**3 - 6*o**2 + 6*o + 11. Let t be d(3). Let y(i) = i**3 - 3*i**2 + 2*i - 2. Give y(t).
-2
Let k be (-2)/7 - (-156)/(-42). Let a be (-2)/k + (-11)/2. Let m(q) be the second derivative of -q**3/3 + 3*q**2 - 8*q. Calculate m(a).
16
Let j be (-7)/(21/(-9))*1. Suppose p = -j*p + 20. Let i(t) = -4 + 0*t - t + 2*t. What is i(p)?
1
Let c(g) be the first derivative of g**4/4 - 2*g**3/3 - 3*g**2/2 + 3*g + 376. Give c(3).
3
Let s = 86 - 76. Let w be 0*(-1)/s*-5. Let t(n) = -n**3 + n**2 + n + 24. Give t(w).
24
Let i = 11 - -2. Suppose i*p - 10*p = 0. Suppose p = -y - 4*o - 16, -8*y + 3*y + 10 = 2*o. Let g(k) = k**3 - 4*k**2 - 4*k. Give g(y).
-